 + u**4/8 - u**3/3 + 22*u**2. Let s be z(3). Suppose s = 4*p - 198. What are the prime factors of p?
2, 5, 13
Let l = -481 + 912. Let b = l + 25. List the prime factors of b.
2, 3, 19
Let k = -286 + 268. List the prime factors of ((78*8)/(-2))/(k/24).
2, 13
Suppose 0 = -5*u + 5*p + 225, 3*u + 33*p - 34*p - 125 = 0. Suppose -7*a + u*a - 19140 = 0. What are the prime factors of a?
2, 5, 29
Suppose 4*l = j + 151962, 9*l - 14*l + 189958 = -4*j. What are the prime factors of l?
2, 5, 29, 131
List the prime factors of 76730*(6 - (-2058)/(-350))*30/9.
2, 7673
Let j = -7373 - -17362. List the prime factors of j.
7, 1427
Let r(l) = 6*l - 15. Let s be r(3). Suppose -3*x + 715 = -3*n + 5*n, 0 = -s*n + 5*x + 1063. List the prime factors of n.
2, 89
Let p(f) = -4238*f - 800. What are the prime factors of p(-7)?
2, 3, 17, 283
Let t(n) = 4*n + 7 - 4*n - 11*n - n**3 - 19*n**2 + 9*n. What are the prime factors of t(-19)?
3, 5
Let t = -235 - -239. Suppose -1314 = -m + t*h - 304, 3*h + 4066 = 4*m. What are the prime factors of m?
2, 509
Let t = 6755 - 3574. List the prime factors of t.
3181
Suppose -1069036 - 2525932 = -117*f - 286910. What are the prime factors of f?
2, 67, 211
Let z = -7 + 11. Suppose q + z*b = 50, q + 0*q - 46 = -2*b. Suppose -s = 5*o - q, 12 = 3*s - 3*o - 132. What are the prime factors of s?
47
Suppose -7*y = 29*y - 29700. What are the prime factors of y?
3, 5, 11
Let a(l) = 10*l**2 + 2*l - 4. Let j be a(2). Let v(k) = -2*k**2 + 81*k + 7. What are the prime factors of v(j)?
47
Let s(f) = 6*f**3 + 25*f**2 - 108*f - 16. List the prime factors of s(10).
2, 3, 617
Let x(z) = 9*z**2 + 5*z + 33. Let y be x(-6). Let f = -197 + y. What are the prime factors of f?
2, 5, 13
Let v(s) be the first derivative of 23*s**4 + s**3 - s**2/2 - s + 81. Let u be ((-2)/6)/((-4)/12). List the prime factors of v(u).
3, 31
Let c(i) = i**3 - 28*i**2 - 2*i + 57. Let d be c(28). What are the prime factors of ((-2)/(-2) + d)*397/2?
397
What are the prime factors of -5 + 111*((-2036)/(-24) - 1/2)?
2, 2339
Suppose 154 = 3*k - 5*p - 313, -766 = -5*k - 4*p. Suppose 0 = 7*o + 921 - 2846. Let j = o - k. What are the prime factors of j?
11
Let l(j) = 70*j**2 + 4*j + 5. Let r(n) = -69*n**2 - 4*n - 5. Let x(q) = -2*l(q) - 3*r(q). What are the prime factors of x(-2)?
5, 53
Suppose -8*t - 4801 = -1145. Let a = t - -815. List the prime factors of a.
2, 179
List the prime factors of ((-18448)/20)/(336/(-8820)).
3, 7, 1153
Let w(f) = -196*f - 196. Let z be w(11). Let o = -1243 - z. What are the prime factors of o?
1109
Let p = -1320 - -684. Let f be (p/18)/(2/(-3)). Let l = f + 31. List the prime factors of l.
2, 3, 7
Suppose 15*v = -15 + 120. Suppose v*h = -206 + 1711. List the prime factors of h.
5, 43
Suppose 26*t - 7*t - 38 = 0. Suppose t*w + 2*p - 309 = p, 5*w = -3*p + 770. List the prime factors of w.
157
Let q(j) = j**2 - 66*j - 147. Let m(t) = -2*t**2 + t. Let p(c) = m(c) + q(c). What are the prime factors of p(-24)?
3, 31
Let n(m) = 10914*m - 1684. List the prime factors of n(2).
2, 1259
Suppose -3*c - 15*c = 792. List the prime factors of (c - -41) + 1046/2.
2, 5, 13
Let l(y) = -7*y + 15. Let w be l(10). Let x = w + 67. Suppose -x*j + 1302 = -5*j. What are the prime factors of j?
2, 3, 31
Let d(m) = 16*m - 5. Let g be d(2). Let a = g - 24. Suppose a*b + 38 = 215. What are the prime factors of b?
59
What are the prime factors of (-10)/5 + 144/70 + 42764232/490?
2, 11, 3967
Suppose -31*k + 72019 = -26*k - 48006. List the prime factors of k.
5, 4801
Suppose -4*l + 5*c + 13137 = 10*c, 3*l - 5*c - 9879 = 0. List the prime factors of l.
2, 3, 137
Suppose s - 6*l - 21 = -l, 20 = 2*s + l. Let z be 17/4 + s/(-44). Suppose 0 = b + 3*b + z, 3*w = 3*b + 210. What are the prime factors of w?
3, 23
What are the prime factors of (50/(-25) - -3)*(0 + -47052)/(-1)?
2, 3, 1307
Suppose 0 = 179*k - 188*k + 72. Suppose c = -p + 1468, p = k*c - 5*c - 4424. List the prime factors of c.
3, 491
Let s(m) be the first derivative of 2*m**3 - 7*m**2 - 29*m + 76. List the prime factors of s(8).
3
What are the prime factors of 374082/40 + 35/(-700)?
2, 7, 167
What are the prime factors of (-1152)/(-1)*12 + 17*56/238?
2, 3457
Let v be ((-4)/8)/((-1)/958*-1). Let p = -426 - v. List the prime factors of p.
53
Let f = 38 + -32. Suppose 3*d - 54 = -f*d. Suppose -5*g + 1 = -0*t - 2*t, -d = -2*g. What are the prime factors of t?
7
Suppose -34*i + 38*i - 12 = 0, 0 = -2*l - 2*i + 82176. List the prime factors of l.
3, 5, 11, 83
What are the prime factors of (-13)/(-26)*-24 - -4062?
2, 3, 5
Let s(k) = -k**3 + 2*k + 120. Suppose 9*c = 10*c. Let m be s(c). Suppose b - m = -f, b - 57 = -4*f + 69. List the prime factors of b.
2, 59
Let m = -2167 + 2384. List the prime factors of m.
7, 31
Let v(o) = -9487*o - 1636. List the prime factors of v(-3).
5, 29, 37
Suppose -2*x - 3*s = -245, -4*x - 3*s + 235 + 264 = 0. Let a = -118 + 51. Let h = x + a. List the prime factors of h.
2, 3, 5
Let d be 3*-5*1/(-1). Let o(f) = 2*f**2 - 19*f + 38. List the prime factors of o(d).
7, 29
Let n(l) = 43*l + 2361. List the prime factors of n(-52).
5
Let m(f) = 1633*f**2 + 31*f + 114. What are the prime factors of m(-3)?
2, 3, 11, 223
Suppose 0 = d - 0*t + 3*t - 5, 0 = t + 2. Let h = 424 - d. List the prime factors of h.
7, 59
Let w = 52 + -39. Suppose 159 = w*n - 1336. List the prime factors of n.
5, 23
Let m(q) = -21*q**2 - 3*q - 14. Let j(r) = -43*r**2 - 6*r - 29. Let y(i) = 6*j(i) - 13*m(i). What are the prime factors of y(-6)?
2, 5, 53
Let k = -363 + 376. Suppose -6*q - k = -727. What are the prime factors of q?
7, 17
Let h(v) = 115*v**2 - 105*v - 2. What are the prime factors of h(-10)?
2, 3137
Let a(j) = 21*j**3 - 2*j**2 + 10*j - 15. Let s be -1 + -1*(-4 + 1 - 0). What are the prime factors of a(s)?
3, 5, 11
Let r be (-4 - -49)/9 + 1 + 1. Suppose y + 3*y - 3440 = 0. Suppose 0 = -r*p + 106 + y. What are the prime factors of p?
2, 3, 23
Suppose -100*k - 138967 = -5*q - 102*k, 0 = -4*q + k + 111197. List the prime factors of q.
7, 11, 19
Suppose -28*s + 102095 = -41377. What are the prime factors of s?
2, 3, 7, 61
Let g(r) = 2*r**3 + r**2 - 2*r + 5. Let l be g(0). Suppose -17 = 5*q - 27, -2*d + 160 = -l*q. What are the prime factors of d?
5, 17
Let a(o) = 9*o**3 - 189*o**2 - 165*o - 3. What are the prime factors of a(29)?
2, 3, 1549
Suppose 0 = z + 25 - 29. Suppose -5*y + 4*y = -5. Suppose z*x - 190 = y*n, 0*x + 5*x - n - 227 = 0. What are the prime factors of x?
3, 5
Suppose -n = -174 + 173. What are the prime factors of (-3 - -4)*n*474?
2, 3, 79
Suppose 0 = -4*o - 53 + 5. Let u be 3*2/(-9)*o. Suppose -u = 2*m - 6*m. List the prime factors of m.
2
Let o(v) = -2*v - 18. Let i be o(-8). List the prime factors of (1/i)/(1*(-4)/2296).
7, 41
Let q(o) = -8*o + 9. Let v be q(0). Suppose 0 = v*x - 7065 - 36. List the prime factors of x.
3, 263
Let m = -13868 + 21748. List the prime factors of m.
2, 5, 197
Suppose 66*o = -13*o + 401004. What are the prime factors of o?
2, 3, 47
Let a = -5576 - -9914. What are the prime factors of a?
2, 3, 241
What are the prime factors of (0 - (-18969)/12)*(66 + -62)?
6323
Suppose -5*b + 8041 + 20188 = 22*n, 3*b = 2*n + 16831. What are the prime factors of b?
5, 1123
Let i(t) be the second derivative of -t**5/20 + t**4/2 + 7*t**3/6 - 13*t**2/2 - 4*t. Let u be i(9). Let f = -72 - u. List the prime factors of f.
11
Let v be 18/2 - (-12 - -7). Suppose 4*p + 3400 = v*p. List the prime factors of p.
2, 5, 17
Let y = 18692 - 14644. List the prime factors of y.
2, 11, 23
List the prime factors of (-3 + 4/(40/(-6575)))*-2.
1321
Let l be 35/2*(-16)/(-10). Let h be l/15 - (-8)/60. Suppose -h*y - 39 + 263 = 0. List the prime factors of y.
2, 7
Let w(z) be the second derivative of 45*z**3/2 + z**2 - 5*z. Let a be w(-1). List the prime factors of 1/3*((3 - a) + 2).
2, 23
Suppose 11 = -5*d - 4. Suppose -x + 81*s - 11 = 76*s, 5*x = s - 31. What are the prime factors of 9 - d*(8/x)/4?
2
Let m = -505 - -779. Suppose -3*s + 704 = -m. What are the prime factors of s?
2, 163
Let u(p) = 2*p**2 - 5 + 4*p + 0*p**2 - p**2 + 5*p**3. Suppose 0 = 183*z - 182*z - 3*i - 8, 5*i + 10 = 0. What are the prime factors of u(z)?
47
Let m(c) = 2*c**2 - 3. Let p(d) = 3*d**2 + d - 6. Let w(o) = 5*m(o) - 3*p(o). Suppose -24 = -4*s + 3*k, 0*s = 